hat are the prime factors of l(0)?
2, 7, 4831
Let s(h) = 2. Let u(r) = -32*r + 53. Let j(p) = -5*s(p) - u(p). What are the prime factors of j(11)?
17
Suppose -10*p = -13*p - 948. Let y = p - -186. Let k = y - -247. What are the prime factors of k?
3, 13
Suppose 36*t - 61744 = 4*t + 16*t. What are the prime factors of t?
17, 227
Let l(u) = -701*u + 140. List the prime factors of l(-9).
6449
Let p(l) = 39*l + 65. Let x = 101 - 93. Let d be p(x). Let v = -159 + d. List the prime factors of v.
2, 109
Let q = -33 + 75. Let t be (6 - q/18)/(1/72). Suppose 5*n - t = -4*y, y + 3*y = -2*n + 276. List the prime factors of y.
71
Let i be (-14)/((-3)/12*-4). Suppose 0 = -4*s - 2*r - 4112, 3*s = 4*s + 5*r + 1010. List the prime factors of s/i + 8/(-14).
73
Let y(f) = -f**2 + 2*f + 55. Suppose -q - 69 = -2*z, -23 - 11 = -z + q. Let j = 35 - z. List the prime factors of y(j).
5, 11
List the prime factors of ((-108)/12)/((-6)/21938 + 0).
3, 7, 1567
Suppose 0 = -19*n + 99 + 110. Suppose 0 = n*j + 5*j - 12064. What are the prime factors of j?
2, 13, 29
Let b = 5 + -5. Suppose -2*h - 12 = -5*q - 28, -14 = 3*h + 2*q. List the prime factors of (95/20 + h)*(28 - b).
7, 11
Let a = 4077 + -4072. Suppose -5*k = -3211 - 4364. Suppose -a*v = -b + 313, -4*b + 2*v = 335 - k. What are the prime factors of b?
293
Let s = -2313 - -4054. What are the prime factors of s?
1741
Let c = 1834 + -1172. Suppose n - 500 = -3*w + 2*n, 4*w = -n + c. Suppose 0 = 5*k + w - 496. List the prime factors of k.
2, 3, 11
Let m = 23800 + -14392. List the prime factors of m.
2, 3, 7
Let n be (-9*(-8)/30)/((-12)/40). List the prime factors of (n - -5)*(-143)/3.
11, 13
Let q = 2529 - 1341. Suppose 0 = -4*v + q - 136. List the prime factors of v.
263
Suppose -p - 2*z = z - 2, p + 12 = 4*z. What are the prime factors of -1*p/(20/3135)?
3, 11, 19
Suppose k = x - 6679 - 1884, 42850 = 5*x + 2*k. Suppose -4*w + x = 5*w. List the prime factors of w.
2, 7, 17
Suppose -l - 40 = -21*l. Suppose 6*h - 724 = 5*h + l*b, 5*h - 5*b = 3595. List the prime factors of h.
2, 3, 7, 17
Let g(j) = -1647*j - 81. Let c be g(-2). Let m = -1775 + c. List the prime factors of m.
2, 719
Let y(d) = -16 - 3*d + 8 + d - 11*d - d. Suppose 4*s - 5 = -s + 5*x, 0 = 4*s + 2*x + 14. What are the prime factors of y(s)?
2, 5
Suppose -3*s + 24124 = 5*k - 137092, 4*k - 128983 = s. What are the prime factors of k?
5, 6449
Let l = 40905 + -3023. List the prime factors of l.
2, 13, 31, 47
Let y(s) be the first derivative of 2*s**3/3 + s**2 - 4*s - 14. Let u be y(-5). Let q = u - 9. What are the prime factors of q?
3
List the prime factors of 50/40 + 6996561/188.
37217
Let z(x) = x**2 + 7*x - 58. Let o be z(5). Suppose -67 = -o*h + 1. What are the prime factors of h?
2, 17
Let a be (-1 + (-6)/(-15))/(48/(-160)). Let s = -6 + 8. Suppose -139 = -a*m - 3*d, -s*m - d + 144 = d. List the prime factors of m.
7, 11
List the prime factors of (-3 + 1)/(-4)*41228.
2, 11, 937
Suppose -264150 + 136522 = -30*f + 162412. What are the prime factors of f?
2, 2417
Let x(u) = u**2 - 23*u + 98. List the prime factors of x(-65).
2, 2909
Let p(l) = 39*l - 47. Let f(i) = 13*i - 16. Let y(x) = -11*f(x) + 4*p(x). List the prime factors of y(8).
2, 23
Suppose -5*q - 2*d - 519 = 0, 0 = q - 2*d + 82 + 29. Let j = q - -173. List the prime factors of j.
2, 17
Let p be (3 + -3 + 1)*(12 + -12). Suppose 0 = -3*z + 4*f + 24, -2*z + p*z - 2*f = -2. Let j(r) = 24*r - 13. What are the prime factors of j(z)?
83
Let i be ((-2)/1)/(6/(-9)). Suppose 2*d + 3*x - 29 = 0, i*d - 63 = -d - 5*x. List the prime factors of d.
2, 11
Let h = -101 - -101. Suppose u - 31 = -3*u + 5*v, -3*u + 5*v + 22 = h. Suppose u*j - 7*j = 368. What are the prime factors of j?
2, 23
Let b(i) = -5*i**3 - 28*i**2 - 65*i + 113. Let o(z) = 2*z**3 + 9*z**2 + 22*z - 38. Let r(q) = 3*b(q) + 8*o(q). List the prime factors of r(16).
5, 151
Let q(o) = -2*o**3 - 7*o**2 - 42*o - 150. List the prime factors of q(-14).
2, 3, 11, 23
Suppose -147*y - 205*y + 5676111 = -4382641. List the prime factors of y.
2, 19, 47
What are the prime factors of (-16233606)/(-544) - (-3)/(-16)?
3, 7, 29
What are the prime factors of 0 - (-795372)/60 - 4/(-5)?
3, 491
Let k(a) = -a**3 - 5*a**2 - 4*a + 3. Suppose 0 = -3*h - 0*h - 3*i - 21, 4*i = -3*h - 21. What are the prime factors of k(h)?
3, 43
List the prime factors of 762/(6540/(-468) + 14).
2, 3, 13, 127
Let m(o) be the first derivative of 29*o**3/3 - o**2 - 3*o + 2. Let d(i) = -i**3 - 10*i**2 + i + 8. Let u be d(-10). What are the prime factors of m(u)?
3, 13
Let m be (-5)/6*22/55*-3. Let z(j) = j**2 + 3*j - 1. Let x be z(m). Let d(b) = 4*b**2 + 2*b - 2. What are the prime factors of d(x)?
2, 5
Let f be ((-9)/4)/((-1)/4). Suppose 4*o + 1148 - 1208 = 0. Suppose -3 - o = -f*q. List the prime factors of q.
2
Suppose 10*x + 35 = 5*w + 5*x, 5*x + 20 = 2*w. What are the prime factors of (1 - 2) + 374 + (0 - w)?
2, 23
Let c = 6364 + -2614. Suppose 8*t - 5*u + c = 13*t, 5*u - 20 = 0. What are the prime factors of t?
2, 373
Let a = 1555 - -802. What are the prime factors of a?
2357
Suppose -3*d = -5 - 16. Suppose 3*s + 3*c - d*c + 14 = 0, 21 = 3*s + 3*c. What are the prime factors of (25/s + -6)/((-1)/(-2))?
13
Suppose -7 = -5*n - 4*s - 2, -n - 4*s = -17. Let i be -1*(-11 - 9/n). Suppose -i*m + 595 = -m. What are the prime factors of m?
5, 17
Suppose 0 = 34*x + 73*x - 126523 - 245730. List the prime factors of x.
7, 71
Let b(h) = -29*h + 10732. What are the prime factors of b(0)?
2, 2683
Let i(b) = -10*b - 9. Let a(f) = f + 1. Let r(c) = -36*a(c) - 4*i(c). Let p be r(3). Let l = 30 - p. List the prime factors of l.
2, 3
Let x(m) = 498*m**2 + 67*m - 546. What are the prime factors of x(7)?
5, 7, 139
Suppose 153*j + 106*j = 1241992 + 2153757. List the prime factors of j.
7, 1873
Suppose -u - 10*i - 17 = -7*i, -u = -2*i + 42. What are the prime factors of (u/(-10))/(34/2465)?
2, 29
Suppose 307*r = 387*r - 382800. What are the prime factors of r?
3, 5, 11, 29
Suppose -3*h + 4*s = -128 - 232, -5*h - 2*s + 626 = 0. Suppose 5*f - h = x, 8*f - 3*f = 3*x + 122. What are the prime factors of f?
5
Let r = 5800 - 2940. What are the prime factors of r?
2, 5, 11, 13
Let x(a) = 37*a - 107. Let s be x(2). What are the prime factors of (-17 - 0/1)/(s/858)?
2, 13, 17
Suppose -19*v + 6*v = 26. List the prime factors of (-29526)/(-126) + v/6.
2, 3, 13
Let o(m) = 43*m - 177. Let t be o(-18). Let h = -394 - t. What are the prime factors of h?
557
Suppose 5*s + l = -1754 - 725, -5*s - 2471 = -l. What are the prime factors of (-220)/s*2358/4?
2, 131
Let s be (-200)/(-32) - (-6)/8. Let g be s/((-84)/3592)*(2 - -1). Let d = -630 - g. What are the prime factors of d?
2, 67
Let x(p) = -p**3 - 25*p**2 - 25*p - 5. Let o be x(-24). Suppose -o*m = -m - 11160. What are the prime factors of m?
2, 5, 31
Let l = -5023 - -6130. List the prime factors of l.
3, 41
Let n be (-1)/(12/(-8))*(-1642 + -2). What are the prime factors of -1*5/(20/n)?
2, 137
Let i = 284 + -936. Let o = -182 - i. What are the prime factors of o?
2, 5, 47
Let f = 277 + -126. Let r = 191 - f. List the prime factors of r.
2, 5
Let v = -5631 + 13098. List the prime factors of v.
3, 19, 131
Let w = 736 + 107. Suppose 5*x - 674 = -d, -3*d + w = 4*x - 1223. List the prime factors of 6/(-9) + (-2)/((-12)/d).
5, 23
Let a(t) = 46*t**2 + 236*t + 12. List the prime factors of a(-15).
2, 3, 379
Suppose -6*h + 512 = -628. Suppose n + 2*a - h = -3*n, -4*n - 5*a + 175 = 0. What are the prime factors of n?
2, 5
Let z(h) be the first derivative of -h**4/12 + 7*h**3/2 - 27*h**2/2 - 16*h + 24. Let u(r) be the first derivative of z(r). What are the prime factors of u(14)?
71
Let k(j) = 25*j - 197. Let v be k(8). Suppose -231 = -v*y + 4*g, 7*y - 2*y - g - 368 = 0. What are the prime factors of y?
73
Let r = -204 - -218. List the prime factors of 61503/91 - (-2)/r.
2, 13
Let m be (0*1/(-2))/1. Suppose m = -0*y + 5*y + 10. List the prime factors of -2 + (2 - y) - -142.
2, 3
Let o(j) = -247*j + 8. Suppose u = 5 - 3. Let k be -2*u/(-4)*-1. List the prime factors of o(k).
3, 5, 17
Suppose 499*s = 481*s + 315864. What are the prime factors of s?
2, 41, 107
Let k(d) = 26*d + 388. Let q be k(-15). List the prime factors of 9782*7/98 + q/(-7).
3, 233
Let j(s) = -s**3 + 12*s**2 - 19*s 